 -44 - -100. What is the highest common divisor of 21 and u?
7
Let a(b) = b**3 + 8*b**2 + 3*b - 12. Let r be a(-5). Let g = r + -80. Let i = -23 - g. What is the greatest common factor of i and 81?
9
Let g = -352 + 354. Let o(m) = m**3 - 2*m**2 + 2*m - 2. Let x be o(2). Calculate the greatest common divisor of g and x.
2
Let n = 57 + 0. What is the greatest common factor of 76 and n?
19
Let l be (19/(-2))/(((-49)/14)/7). What is the highest common divisor of 152 and l?
19
Suppose -20*h - 18 = -14*h. Let u(g) = -19*g - 1. Let j be u(h). What is the greatest common divisor of 112 and j?
56
Let m = 109 - 69. Suppose 2*g + 3*f = m, -2*f - 5 = -5*g + 95. Calculate the highest common factor of 10 and g.
10
Let f = 84 - 28. Suppose -2*p - p + f = 4*g, 0 = 5*p - 5*g - 35. What is the highest common divisor of p and 8?
4
Suppose 0 = -2*o - 2*j + 2, 5*o + 3*j - 3 = -6. Let k be (o - 1)*(10 + -12). Calculate the highest common divisor of k and 20.
4
Suppose 3*u = 4*q + 41, 5*q + 0*q + 58 = -3*u. Let x be 0 - q - (-3 - (-3)/(-3)). Calculate the greatest common factor of 6 and x.
3
Suppose -3*m + 19 = 7. Suppose -3*g + 571 = m. Let b be ((-6)/4)/(3/(-42)). Calculate the greatest common divisor of g and b.
21
Let n(b) = -48*b + 228. Let x be n(-8). What is the highest common divisor of 12 and x?
12
Suppose 3*c - 5*z - 25 = 36, -5*z - 115 = -5*c. Calculate the greatest common divisor of 45 and c.
9
Let w(v) = -13*v - 12. Let o be w(-3). Calculate the highest common factor of 135 and o.
27
Let r = 21 - 19. Suppose 0 = -r*v + 2*f + 1232, 66 = -3*v + 5*f + 1914. Calculate the greatest common divisor of v and 56.
56
Let d be (-1)/((-3)/(870/5)). Calculate the highest common factor of d and 6.
2
Let g be 11/(5 - 4) + -4. Let w = 490 - 256. Suppose -3*s + p - 114 = -5*s, -w = -4*s - 5*p. Calculate the greatest common divisor of s and g.
7
Suppose -3*z = 69 - 219. Calculate the highest common divisor of 40 and z.
10
Let f be ((-15)/20)/(4/(-336)*1). Suppose w = 6*w - 45. What is the highest common divisor of w and f?
9
Let w = 15 - 10. Suppose 2*g + 94 = 5*g - 4*q, 5*q - 145 = -w*g. Calculate the highest common divisor of g and 6.
6
Suppose -g + 5*p = 20, 0*g = -2*g + 2*p. Suppose -w = g*q, 3*w + 4*q - 6 = w. What is the greatest common divisor of w and 5?
5
Let f be ((-4)/5)/((-6)/15). Suppose f*a + 22 = 3*a. Let k be 180/a + (-8)/44. Calculate the greatest common factor of k and 72.
8
Let k = 214 - 151. Let r = 40 - 6. Let o = r - 25. Calculate the greatest common factor of o and k.
9
Let s be (-459)/(-15) - 21/35. What is the highest common divisor of 66 and s?
6
Suppose 494 = 2*q - 4*k, -985 = q - 5*q + 5*k. What is the highest common divisor of 175 and q?
35
Let a = -119 - -138. Calculate the highest common factor of 513 and a.
19
Suppose -2*n + 6 = 34. Let v = 13 - n. Calculate the highest common factor of v and 54.
27
Let i(b) = -b**3 + 11*b**2 - 17*b - 13. Let u be i(9). Let y be (-4 - -2)/(-2*u/(-104)). Calculate the greatest common divisor of y and 234.
26
Let w(d) = -13*d - 227. Let c be w(-39). Calculate the highest common factor of 154 and c.
14
Let l(d) = -2*d**2 + 53*d - 116. Let m be l(24). What is the greatest common divisor of m and 34?
2
Suppose 5*h + 3*x - 29 = 0, -2*h - 3*x = 2*x - 23. Suppose -m = -h*p - 29, 0 = 3*m - p - 81 - 17. What is the highest common divisor of m and 3?
3
Let g = -2353 + 2398. Calculate the greatest common factor of 1185 and g.
15
Suppose 3*g + 6*g - 108 = 0. Suppose j - 90 = 3*q, 5*j - 52 = 3*q + 374. Calculate the highest common divisor of g and j.
12
Suppose 139 = 2*r - 3*m - 42, -2*r + 5*m + 179 = 0. What is the highest common factor of r and 69?
23
Let o = -613 - -1856. Calculate the greatest common factor of 11 and o.
11
Suppose -k + 8 = 2*p - 32, 225 = 4*k - 5*p. Suppose 0 = 2*t + 2*r - 30, -2*t - 3*r + 25 = -10. What is the greatest common factor of k and t?
10
Let u = 25 - 28. Let k be u/((-3)/(-2)) + 3. Let v be -3 - (-107 + k) - 4. What is the highest common factor of v and 9?
9
Let h = -24 + 21. Let w(t) = t**3 + 4*t**2 + 5*t + 7. Let a be w(h). Suppose 0 = 3*o - 3*z - 24, 2 = -z - a. Calculate the highest common divisor of o and 55.
5
Let q = -38 - -68. Let m be (-13)/(156/108) + 11 + 4. Calculate the greatest common factor of m and q.
6
Let f = -387 - -631. Let k = f + -100. What is the highest common factor of 36 and k?
36
Let q(m) be the second derivative of m**3/6 + 17*m**2 + 12*m. Let u be q(17). What is the highest common factor of 34 and u?
17
Let x be 4/(-6)*3 + 14. Suppose -5*o + 23 = -17. Suppose -58 = -o*d + 134. Calculate the greatest common divisor of d and x.
12
Let f = -3 + 6. Let x(v) = 8*v**3 + v**2 - 2*v + 1. Let y be x(1). Let z be f/(-12) - (-34)/y. Calculate the greatest common factor of z and 1.
1
Let a be (-32)/(-20)*(62 + -2). Suppose l - 59 = -u, -u + 2*l = u - 138. Calculate the greatest common divisor of a and u.
32
Let s = -259 - -443. Suppose -2*r - 5*v + 41 = 0, r - 2*v + 0*v - 25 = 0. What is the highest common divisor of r and s?
23
Let a(u) = -u**2 + 71*u - 288. Let v be a(64). What is the highest common factor of 30 and v?
10
Let y(g) = -11*g - 16. Let k be y(-6). Suppose -3*s = 5 - k. Suppose -5*i - 5*n = -199 - 541, 3*n + s = 0. Calculate the greatest common factor of 17 and i.
17
Let k be (-7)/(-21)*27*290/15. Calculate the greatest common divisor of k and 6.
6
Let i(t) = t**2 - 3*t + 4. Let r be i(8). Let b be 7 + 1 + 0 + 3. Calculate the greatest common factor of b and r.
11
Let f(k) = -k**2 - 6*k + 11. Let i be f(-6). Let l(y) = y**2 - 6*y - 16. Let g be l(9). What is the highest common factor of g and i?
11
Suppose 0 = 21*k - 415 - 341. Calculate the highest common factor of k and 6084.
36
Suppose -10 = 23*y - 18*y, 2*a = -3*y + 26. Calculate the highest common factor of 376 and a.
8
Let m = 12 + -22. Let c = 595 - m. Suppose -z - c = -5*v + 3*z, v + 3*z = 121. What is the greatest common factor of 11 and v?
11
Suppose 0 = -59*k + 1018 + 4292. Calculate the highest common divisor of k and 288.
18
Suppose -20 = 4*c - 9*c. Let p be ((-4)/6)/(c/102). Let k = 33 + p. What is the highest common divisor of 112 and k?
16
Let p = 7 - -6. Let l = -26 + p. Let s = l - -69. What is the highest common factor of s and 7?
7
Suppose 1581 = 44*o - 355. What is the greatest common factor of 66 and o?
22
Let l(i) = 59*i + 307. Let y be l(-5). Let v = 209 + -149. Calculate the highest common factor of y and v.
12
Let z be (-35)/(-10)*(-8)/(-14) - -193. Calculate the greatest common factor of z and 117.
39
Let h(v) = v**3 + 5*v**2 + 4*v + 1. Let t be h(-4). Let w(q) = -q**2 + 3*q + 5. Let c be w(0). Calculate the highest common divisor of t and c.
1
Let v(c) be the first derivative of 18*c**3 - c**2 - c - 2. Let q be v(-1). Let y = 114 + -92. Calculate the greatest common divisor of q and y.
11
Let i(n) = 8*n + 5. Let a be i(5). Suppose 7*v + 2*v = a. What is the greatest common factor of v and 3?
1
Let d be (-18)/27 - 2108/(-3). Calculate the greatest common divisor of 156 and d.
78
Let w(v) = -v - 9. Let g be w(9). Let u = g - -21. Calculate the highest common factor of u and 33.
3
Suppose w = -22*w + 9936. What is the highest common factor of w and 16?
16
Let z = 7 - 4. Let h be z*((-8)/(-2) - 3). Suppose m + 14 = h*m. Calculate the highest common divisor of m and 7.
7
Let o = 635 - 518. What is the greatest common factor of o and 9?
9
Let k(t) = 13*t + 337. Let w be k(-4). Calculate the greatest common divisor of 30 and w.
15
Suppose -l - 7*j - 20 = -3*j, -4*l + 3*j = -15. Suppose -26*f + 28*f - 2 = l. Calculate the highest common factor of f and 17.
1
Suppose 5*t - 3*l = 23, -1 = -2*t - 4*l + 3. Suppose 0 = -4*u + 3*s - 0*s - 63, 12 = -t*s. Let v = 45 + u. What is the highest common divisor of 9 and v?
9
Let t(o) = 7*o**3 - 2*o**2 - 17*o + 60. Let k be t(5). Calculate the highest common factor of 120 and k.
40
Suppose -4*x - 148 = -4*z, 2*z + 71 = 4*z + x. Calculate the greatest common divisor of z and 8.
4
Suppose -6*a + 4 = -4*a. Let f be (6/9)/(a/6). Suppose -2*i + 2*p + 102 = f*i, 5*i + 5*p = 90. What is the highest common factor of i and 23?
23
Let w = 90 + 36. Let v be w/(-14)*(1 - 22). Calculate the highest common factor of 21 and v.
21
Suppose -3*s = -3*k + 342, 121 = 